factor of 108628?
False
Does 166 divide 196783?
False
Does 506 divide 1676012?
False
Does 18 divide 6189222?
False
Is 79688 a multiple of 28?
True
Is 4684729 a multiple of 45?
False
Is 32 a factor of 1854464?
True
Is 19 a factor of 500550?
False
Does 27 divide 692490?
False
Does 97 divide 101379?
False
Does 22 divide 232826?
True
Does 12 divide 1890212?
False
Is 461057 a multiple of 17?
True
Does 12 divide 3165270?
False
Does 70 divide 125790?
True
Is 4375723 a multiple of 212?
False
Is 164 a factor of 3569006?
False
Is 256020 a multiple of 510?
True
Is 251 a factor of 558224?
True
Does 5 divide 248175?
True
Does 23 divide 86687?
True
Is 29 a factor of 11450493?
False
Does 61 divide 879071?
True
Is 54312 a multiple of 24?
True
Is 1657 a factor of 11284170?
True
Is 376320 a multiple of 784?
True
Is 13 a factor of 404188?
False
Is 112 a factor of 13117713?
False
Does 94 divide 814040?
True
Is 322 a factor of 984354?
True
Is 166 a factor of 6907810?
False
Does 33 divide 12764573?
False
Is 11 a factor of 2118391?
True
Does 204 divide 856539?
False
Is 38 a factor of 1223068?
True
Is 238440 a multiple of 12?
True
Is 9 a factor of 2626732?
False
Is 269 a factor of 633226?
True
Is 504110 a multiple of 138?
False
Is 352775 a multiple of 515?
True
Is 244 a factor of 19879?
False
Is 88661 a multiple of 2?
False
Is 2396125 a multiple of 125?
True
Is 375 a factor of 637875?
True
Is 123 a factor of 622987?
False
Is 20 a factor of 294708?
False
Does 46 divide 20836?
False
Is 8 a factor of 80010?
False
Is 8 a factor of 12320?
True
Is 97 a factor of 108349?
True
Is 55 a factor of 4292805?
True
Does 12 divide 3490764?
True
Is 278 a factor of 467442?
False
Is 3 a factor of 617460?
True
Does 3 divide 8164?
False
Is 9 a factor of 12126?
False
Is 8 a factor of 6049859?
False
Is 348 a factor of 3454995?
False
Is 20 a factor of 2428260?
True
Is 474 a factor of 172723?
False
Does 61 divide 697230?
True
Is 1402297 a multiple of 401?
True
Is 774826 a multiple of 91?
False
Is 5961108 a multiple of 1371?
True
Is 130920 a multiple of 38?
False
Is 54 a factor of 217134?
True
Is 403064 a multiple of 9?
False
Is 465954 a multiple of 3?
True
Is 2977261 a multiple of 197?
True
Is 24 a factor of 985828?
False
Is 4 a factor of 1752?
True
Does 88 divide 775230?
False
Is 96 a factor of 205225?
False
Does 5 divide 1655685?
True
Is 53 a factor of 124353?
False
Is 1235 a multiple of 102?
False
Does 234 divide 627836?
False
Is 3 a factor of 9021?
True
Is 28 a factor of 235727?
False
Is 19 a factor of 1306839?
True
Is 353879 a multiple of 372?
False
Is 11169429 a multiple of 17?
False
Is 633 a factor of 1870515?
True
Is 60 a factor of 316200?
True
Is 272228 a multiple of 4?
True
Does 14 divide 217096?
False
Does 20 divide 444120?
True
Is 34 a factor of 4961144?
True
Is 10764 a multiple of 18?
True
Does 217 divide 4024699?
True
Is 935 a factor of 2189770?
True
Is 108 a factor of 284040?
True
Does 23 divide 2354?
False
Is 651125 a multiple of 125?
True
Is 4 a factor of 1334?
False
Does 8 divide 57156?
False
Does 243 divide 13391973?
True
Does 25 divide 4300325?
True
Is 1008599 a multiple of 194?
False
Does 411 divide 34421?
False
Is 3144960 a multiple of 384?
True
Is 73 a factor of 72635?
True
Is 648314 a multiple of 393?
False
Does 105 divide 11447?
False
Is 388 a factor of 170332?
True
Is 99336 a multiple of 9?
False
Is 11 a factor of 62370?
True
Does 13 divide 1814928?
False
Does 62 divide 6882?
True
Does 4 divide 313896?
True
Is 540109 a multiple of 8?
False
Is 983599 a multiple of 547?
False
Does 22 divide 599773?
False
Does 85 divide 1080352?
False
Is 10 a factor of 147381?
False
Is 25 a factor of 678598?
False
Does 17 divide 1090635?
True
Is 2 a factor of 158414?
True
Is 10902834 a multiple of 15?
False
Is 437 a factor of 915153?
False
Does 8 divide 11841?
False
Is 237888 a multiple of 13?
False
Is 15 a factor of 225885?
True
Does 227 divide 1025697?
False
Is 24997749 a multiple of 2545?
False
Is 2687888 a multiple of 112?
True
Does 10 divide 83030?
True
Is 167 a factor of 416490?
False
Is 28 a factor of 443660?
True
Is 25 a factor of 137025?
True
Does 49 divide 338639?
True
Is 604824 a multiple of 632?
True
Is 109712 a multiple of 16?
True
Is 4 a factor of 3892?
True
Is 729176 a multiple of 28?
True
Is 13 a factor of 461773?
True
Does 23 divide 40595322?
True
Is 2187015 a multiple of 1055?
True
Does 62 divide 390910?
True
Does 10 divide 385041?
False
Does 4 divide 65544?
True
Is 284778 a multiple of 39?
True
Does 29 divide 838906?
False
Is 184 a factor of 4004208?
True
Does 224 divide 1033536?
True
Is 77 a factor of 4256?
False
Is 640764 a multiple of 12?
True
Is 261190 a multiple of 13?
False
Is 238 a factor of 7139657?
False
Does 7 divide 95186?
True
Does 97 divide 195189?
False
Is 334165 a multiple of 17?
False
Is 276 a factor of 1949388?
True
Is 43 a factor of 17848569?
True
Is 277 a factor of 81576?
False
Is 113 a factor of 2450066?
True
Is 5 a factor of 1829785?
True
Is 1238174 a multiple of 59?
True
Does 105 divide 193839?
False
Is 64256 a multiple of 14?
False
Is 27 a factor of 3824496?
True
Is 29 a factor of 32400938?
False
Does 812 divide 3710840?
True
Is 34 a factor of 945806?
False
Is 53 a factor of 4805404?
True
Does 70 divide 1395940?
True
Is 6619744 a multiple of 37?
True
Is 23064366 a multiple of 158?
True
Is 12 a factor of 225852?
True
Is 512255 a multiple of 20?
False
Is 1988305 a multiple of 367?
False
Does 22 divide 53922?
True
Does 412 divide 632186?
False
Does 28 divide 489994?
False
Is 1378586 a multiple of 11?
True
Does 10 divide 232147?
False
Is 13 a factor of 994032?
True
Is 87764 a multiple of 37?
True
Does 19 divide 2033437?
True
Is 79729 a multiple of 13?
True
Is 45016 a multiple of 27?
False
Is 450 a factor of 2934?
False
Is 115 a factor of 4946457?
False
Is 42 a factor of 5474196?
True
Is 106 a factor of 9985986?
False
Does 332 divide 51090?
False
Is 29 a factor of 219124?
True
Is 982230 a multiple of 381?
False
Does 801 divide 956240?
False
Is 196380 a multiple of 60?
True
Does 7 divide 175427?
True
Is 39 a factor of 113781?
False
Does 20 divide 3588120?
True
Does 3 divide 530597?
False
Is 310 a factor of 88134?
False
Does 590 divide 331580?
True
Is 1043487 a multiple of 71?
True
Does 139 divide 5192623?
True
Does 55 divide 26594?
False
Does 310 divide 11984600?
True
Is 2194640 a multiple of 560?
True
Is 2 a factor of 13809?
False
Is 639 a factor of 415989?
True
Does 599 divide 1187817?
True
Is 16 a factor of 23486?
False
Does 102 divide 2855000?
False
Is 3959120 a multiple of 440?
True
Is 26 a factor of 5302024?
True
Is 385 a factor of 6698919?
False
Is 2221140 a multiple of 12?
True
Does 282 divide 104622?
True
Is 5443291 a multiple of 372?
False
Is 16 a factor of 129689?
False
Is 454195 a multiple of 133?
True
Is 3404907 a multiple of 633?
True
Is 56 a factor of 758861?
False
Is 2014420 a multiple of 848?
False
Does 33 divide 1074986?
False
Is 3399511 a multiple of 397?
True
Is 39 a factor of 1135329?
True
Is 25 a factor of 2286400?
True
Does 133 divide 4436215?
True
Is 484 a factor of 1545896?
True
Is 2133352 a multiple of 433?
False
Does 30 divide 5098170?
True
Does 19 divide 474411?
True
Is 188660 a multiple of 235?
False
Does 9 divide 252093?
False
Does 78 divide 1359747?
False
Is 2370336 a multiple of 96?
True
Is 19 a factor of 1134664?
False
Is 12310555 a multiple of 36?
False
Does 8 divide 389656?
True
Is 16 a factor of 1167520?
True
Is 4730032 a multiple of 98?
False
Is 721688 a multiple of 556?
True
Is 405270 a multiple of 270?
True
Does 172 divide 534799?
False
Is 208 a factor of 264426?
False
Is 11 a factor of 343695?
True
Is 70280 a multiple of 10?
True
Is 120 a factor of 121150?
False
Is 651352 a multiple of 153?
False
Does 37 divide 2789740?
False
Is 3520395 a multiple of 445?
True
Does 551 divide 3595796?
False
Is 13 a factor of 72397?
True
Is 7654639 a multiple of 1473?
False
Is 18538181 a multiple of 211?
False
Does 41 divide 963690?
False
Is 4468800 a multiple of 304?
True
Is 30007 a multiple of 7?
False
Is 106 a factor of 499154?
True
Is 4151868 a multiple of 294?
True
Is 13 a factor of 212940?
True
Does 19 divide 1079447?
True
Does 198 divide 1684980?
True
Is 8 a factor of 162768?
True
Does 28 divide 11732?
True
Is 34 a f